) = 4*q - 3. Suppose 4*n + 24 = 4*y, 4*y + y = -15. Let a(h) = h - 1. Let w(p) = n*a(p) + 2*r(p). Let z = 7 + -7. Determine w(z).
3
Let m be -3*(-2)/((-2)/1). Let v(j) = 3*j + 47*j**2 - 4 - 33*j**2 - 4*j - 17*j**2 - j**3. Give v(m).
-1
Let h(x) be the second derivative of -x**4/12 + x**2 - 2*x. Let a(m) = -1. Let i(r) = -7*a(r) - 4*h(r). Calculate i(1).
3
Let x(q) = 3*q + 5. Suppose -4*g + 12 = -3*g + 4*u, 66 = 3*g - 3*u. Suppose -g = -4*m + 4. Let w = m + -12. Calculate x(w).
-13
Let h(p) = -p**3 - 15*p**2 - 19*p - 16. Suppose 4*t = 3*z + 22, -2*z + 6 = -z - 4*t. Give h(z).
54
Let h(r) be the first derivative of r**4/12 + r**3/6 + 7*r + 2. Let f(u) be the first derivative of h(u). Calculate f(0).
0
Let t be (60/(-35))/((-6)/21). Let r be -2 - (-4 + t/3). Let n(x) be the third derivative of x**5/60 + x**4/24 - x**3/3 - 5*x**2. Calculate n(r).
-2
Let r(g) = 3*g**3 - 2*g - 1. Suppose 2 - 21 = -u. Let h = u - 20. What is r(h)?
-2
Let l be ((-11)/(-33))/(2/(-24)). Let u(c) = -c. Let t(o) be the second derivative of o**3 - o**2/2 - 2*o. Let m(r) = l*t(r) - 22*u(r). Determine m(6).
-8
Let t(m) be the first derivative of -m**3/3 - 2*m**2 + 15*m + 70. Calculate t(-7).
-6
Let t(v) = -34*v + 1. Let x(b) = 92*b - 3. Let a(p) = -8*t(p) - 3*x(p). What is a(5)?
-19
Let y(b) = b**3 - 4*b**2 - 4*b + 1. Let r(n) = n**2 - 1. Let x(u) = r(u) + y(u). Let o(p) = -2*p + 14. Let q be o(5). Calculate x(q).
0
Let x(o) be the first derivative of 3*o**2/2 + 2*o + 202. Calculate x(-2).
-4
Let s(z) = -6*z + 3*z**3 - 2*z**3 - 7 - 2363*z**2 + 2369*z**2. Give s(-6).
29
Let u(i) = -2*i**2 + 2*i. Let h(c) = -c**3 + 9*c**2 + 5. Let s be h(9). Suppose -27 = -s*g - 17. Calculate u(g).
-4
Let u(l) = l**2 - 3*l - 5. Let h(k) = k**2 + k. Let x be h(-1). Let r(j) = 1 + 4 - 4 + j + x*j. Let f(b) = 2*r(b) - u(b). Determine f(5).
7
Let s(b) = b**3 - 4*b**2 + 5*b - 3. Let z = 153 - 150. What is s(z)?
3
Let j(o) = -o**3 + 6*o**2 + 9*o - 9. Let y be 52/8 - 4/(-8)*1. Calculate j(y).
5
Suppose -4*x = -0*x - 12. Let z(j) = -j**2 + 8*j**2 - 12*j**2 - j**x. What is z(-5)?
0
Let q(a) = 3*a - 1. Suppose g - 20 + 47 = 0. Let f = g + 29. Determine q(f).
5
Let p(b) = b**2 + 8*b + 5. Let v(j) = -j**3 - 5*j**2 + 35*j - 15. Let s be v(-9). Calculate p(s).
-7
Let b(h) = h**3 - 4*h**2 + 13. Let i(v) = v**2 - v + 5. Let g(u) = -b(u) + 2*i(u). Let r be (1 + 3)*(-6)/(-4). What is g(r)?
-15
Let h(g) = -g + 3. Let l = -22 + 24. Suppose -l*p + 3*p - 9 = 0. Determine h(p).
-6
Suppose 0 = -d + 2*v - 4, -d + 2*d = v - 1. Let t(n) = -5 - d*n + 5 - 7*n. What is t(1)?
-9
Let y(q) = q**3 + 5*q**2 - q + 4. Suppose 0*t = -3*d - 4*t - 23, 4*d + 4*t = -28. Give y(d).
9
Let t(k) = -11*k + 7. Let s(g) = 10*g - 6. Let z be (-3)/12 + (-50)/(-8). Let u(l) = z*s(l) + 5*t(l). What is u(-1)?
-6
Let q(a) = -16*a - 1. Suppose -4*m + 2*j = -5*m + 7, 0 = 5*m - 5*j + 10. What is q(m)?
-17
Let r(c) = -13*c**2 - 3 - 12*c**2 + 26*c**2 - 8*c - 2. What is r(9)?
4
Let f(q) = -q**2 + 4*q - 1. Let m be f(2). Suppose -4*a = -7*a + m*j - 27, -5*a - 5*j - 25 = 0. Let l(r) = -r**2 - 5*r + 7. What is l(a)?
-7
Let g(u) = -88 - 29*u**3 + 15*u**3 - 6*u + 110 - 10*u**2 + 13*u**3 - u**2. Calculate g(-10).
-18
Let g = 12 + -9. Suppose -4*r - l + 29 = 0, -3*r + g*l = -1 - 2. Let n(m) = -2*m + 13. Let t be n(r). Let y(w) = -9*w. Determine y(t).
-9
Let v(h) = -h**2 - 7*h - 1. Suppose 0 = -5*z + 5*y + 5, -z = z + 3*y - 17. Let r(q) = 3*q**2 + 4*q**3 + 3 - 4*q + z*q - 3*q**3 + 3*q. Let c be r(-3). Give v(c).
5
Suppose 0 = -3*n + 8 + 10. Suppose -15 = -5*i - j + 3*j, 2*i + 2*j - n = 0. Let g(f) = -1 + f + 0 - 2*f - f. Determine g(i).
-7
Let t = -814 - -817. Let b(l) = l**3 - 2*l**2 + 2*l. Calculate b(t).
15
Let t(r) be the second derivative of r**4/12 + r**3/2 + 3*r**2 + 37*r - 2. Determine t(-6).
24
Let o be 3/(81/24 - 3). Let j = -12 + o. Let g(q) = q**3 + 5*q**2 - 5*q + 3. Let a(l) = l**3 + 6*l**2 - 5*l + 4. Let n(m) = 2*a(m) - 3*g(m). Calculate n(j).
-5
Let s be (2 + -2)/(6/2). Let g(u) = 5*u**2 + u + 1. Let x be g(-1). Let r(d) = -d**3 - 6*d + 1 - d**2 + 5*d - x. Determine r(s).
-4
Let n(q) = q**3 + 6*q**2 + 4*q + 1. Suppose m = -4*m + 15. Let s(r) = 3*r**3 + 17*r**2 + 11*r + 3. Let z(f) = m*s(f) - 8*n(f). Calculate z(-2).
3
Let z(m) = 46*m + 16. Let l(s) = 55*s + 18. Let r(f) = 5*l(f) - 6*z(f). Suppose -5*a - 4*v + 29 = 0, 8*a - 5*v - 65 = 3*a. What is r(a)?
-15
Let i(f) = 4*f**3 + f**2 + f - 1. Let n(o) = 3*o + 4*o - 10*o - 14. Let q be n(-5). Calculate i(q).
5
Let r(s) = s**2 + 2*s - 4. Let a(l) = -5*l + 13*l + 2*l**2 + 17 - 3*l**2. Let g be a(10). Determine r(g).
-1
Let m = 8 - 38. Let q = m + 34. Let o(c) = 3*c - 1. Let k(r) = 2*r - 1. Let n(v) = -5*k(v) + 3*o(v). Determine n(q).
-2
Let c(l) = 12*l + 7. Let s(o) = -8*o - 5. Let z(q) = -5*c(q) - 7*s(q). Let r be ((-12 + 0)/2)/(-2). Determine z(r).
-12
Suppose 3*g - g = 0. Let a(u) = u + 11. What is a(g)?
11
Let d(c) = 6*c**2 - 9*c - 3. Let t(w) = w**3 + w + 1. Let l(z) = -d(z) - t(z). Give l(-7).
-5
Let g(l) = -l**3 - 5*l**2 + 5*l + 6. Suppose 8*z = 89 - 137. Give g(z).
12
Let o(g) = -g**3 - 6*g**2 - 5*g + 1. Let t be o(-4). Let z(s) = 312 - 634 + 306 + s**2 + 9*s. What is z(t)?
6
Let b(f) = f**2 + f - 2. Let c be b(-2). Let l(g) be the first derivative of -g**3/3 - 14*g + 30. Determine l(c).
-14
Let q(j) = -j**3 - 2*j**2 - 4*j - 3. Suppose x + 15 = 4*x. Let d be x*((-34)/10 + 3). Give q(d).
5
Let d(x) = -1 - 16*x + 60*x - 45*x. Determine d(0).
-1
Let y(u) = -u**2 + 11*u + 6. Let w = 606 - 594. What is y(w)?
-6
Let a be 2/((-8)/28) + (-8)/2. Let w(l) = 5*l**2 + 7*l - 4. Let b(f) = -9*f**2 - 13*f + 8. Let h(t) = a*w(t) - 6*b(t). Determine h(0).
-4
Let w(m) = m**3 + 2*m**3 - 2*m**3 - 4 - 4*m + 2*m**2 + 2*m**2. What is w(-3)?
17
Let x(f) = -f**3 + 2*f**2 + 5*f + 7. Let i(g) = g**3 - 2*g**2 - 6*g - 8. Let k(b) = -6*i(b) - 7*x(b). Let o be 9/6 - 11/2. Let m = o - -5. Calculate k(m).
-1
Suppose -r = -3*w + 3*r + 23, 4*w - 5*r - 30 = 0. Let t(n) = 7 - 2*n - 17 + 6 + w. Suppose 4*u - 1 = 5*u. Determine t(u).
3
Let u(t) = 12 + 2 - 5*t + 13 - 29. What is u(5)?
-27
Let b(a) = -3*a + 0*a**2 + 2*a**2 + 5 - 3*a**3 + 5*a**3 - 3. Let m(l) = 3*l**3 + 3*l**2 - 5*l + 3. Let u(p) = 5*b(p) - 3*m(p). Determine u(-1).
1
Let p(g) be the first derivative of 1/3*g**3 + 7/2*g**2 + 0*g + 21. Calculate p(-8).
8
Let r(n) = 2*n + 8 - 22 - n. Let l be -50 - 1*-8*(-3)/(-6). Let c = l + 52. What is r(c)?
-8
Let z(d) = d**3 - 4*d**2 - 5*d + 4. Let g = 174 + -169. Determine z(g).
4
Let t(l) = -298*l**3 + 147*l**3 - 2 + 152*l**3. Suppose 0 = -r + 3*r. Calculate t(r).
-2
Let n(m) = 22*m**2 + m + 10. Let a be n(4). Let t(g) = 6*g + a - g**3 + 0*g**3 + 6*g**2 - 375. Give t(7).
-16
Let b = -35 + 39. Let x(m) = m - 3 + b*m - 2 - 6*m. Let t = -6 + 12. Determine x(t).
-11
Let l = 44 + -39. Let n(v) = -l*v**2 + 2*v**2 + 4*v - 3*v + 4*v**2. Suppose 2 = -2*t - 3*f - 2, 4*t = -2*f - 8. Determine n(t).
2
Let q(w) be the second derivative of w**4/12 - w**3/3 + w**2/2 - 42*w. Suppose -c = 5*h - 2, -3*c = 14 - 5. What is q(h)?
0
Let c(s) be the second derivative of s**5/20 + s**4/6 - 7*s**3/6 - 3*s**2 - 95*s. Give c(-4).
-10
Let u(b) = -19*b + 22*b - 2 - b**2 + 2 + b. Suppose -4*a + a + 7 = -r, -r - 2*a + 8 = 0. Give u(r).
4
Let l(s) = -9*s + 23 - 79 + 3*s**2 + 36 + 33 + 0*s. Calculate l(2).
7
Let q(u) = u**2 + 5*u. Let x be q(-4). Let o be x/(-14) + (-38)/(-14). Suppose 5*m - o*m = -4. Let f(h) = -2*h**3 - 4*h**2 - h + 2. What is f(m)?
4
Let i be (-10)/(-8) + (-1)/4. Let m(x) = -33*x + 2. Let t be m(-4). Let j(l) = -135 - 4*l + t + l. What is j(i)?
-4
Let c = 196 - 211. Let o(h) = -h + 5. Let q be o(-5). Let i be (10 + c)*(-12)/q. Let f(n) = n**2 - 4*n - 6. Give f(i).
6
Let z be 12/(-2)*15/(-45). Suppose 0 = z*i - 11 + 1. Let x(h) = -7*h + i*h + 6*h + 1. Calculate x(-2).
-7
Let t(n) = 16*n**2 - 2*n + 2. Suppose 0 = -44*w + 49*w - 5. Give t(w).
16
Let p = 40 - 31. Let j(g) = g**3 - 10*g**2 + 10*g - 10. Let f be j(p). Let x(q) = 12*q**2. Let y(s) = 49*s**2. Let u(b) = -21*x(b) + 5*y(b). Calculate u(f).
-7
Let t = 9 + -7. Suppose 0 = -s - 3*d + 10, -t*s + s + 16 = 5*d. Let r(p) = 2*p + 1. Determine r(s).
3
Let a(f) be the first derivative of -f**7/840 - f**6/60 + 7*f**5/120 + 5*f**4/12 + 8*f**3/3 - 1. Let p(b) be the third derivative of a(b). What